244212
In base 7, what is -11 - 1133?
-1144
In base 7, what is -10 - 44?
-54
In base 2, what is -110110 - -10111111?
10001001
In base 15, what is -2 + -2369?
-236b
In base 2, what is -10101 + -10100000?
-10110101
In base 10, what is -6 - 7?
-13
In base 6, what is -10413 - 5?
-10422
In base 16, what is 1b + 5e?
79
In base 4, what is 0 - 132?
-132
In base 4, what is -2 - 20?
-22
In base 14, what is -1769 - -5?
-1764
In base 10, what is 1299 + -5?
1294
In base 13, what is -33 + 38a?
357
In base 6, what is -5 + 245?
240
In base 13, what is -320 + -4?
-324
In base 10, what is -336 - -1?
-335
In base 3, what is -112 + 2210?
2021
In base 14, what is 42 - -52?
94
In base 13, what is 18 - 5?
13
In base 15, what is -19 + -c?
-26
In base 5, what is 0 - -2042?
2042
In base 8, what is -2626 - -2?
-2624
In base 2, what is 1 + -101100001?
-101100000
In base 5, what is -10 - -43344?
43334
In base 14, what is -17 + a?
-b
In base 5, what is 430 + -10?
420
In base 11, what is 96a5 - 0?
96a5
In base 14, what is 4 - 151?
-14b
In base 14, what is -9 + -b?
-16
In base 2, what is 1111111011100 - 0?
1111111011100
In base 9, what is 51 - 1?
50
In base 5, what is 11 - 3231?
-3220
In base 15, what is -1c - -50?
33
In base 3, what is 11 + 210?
221
In base 6, what is -50 - 501?
-551
In base 14, what is -26d6 + -3?
-26d9
In base 14, what is -2 + 112c?
112a
In base 5, what is -2123 + 113?
-2010
In base 13, what is 13 - -1c9?
20c
In base 12, what is -29 + 5?
-24
In base 8, what is 44 + 154?
220
In base 10, what is -471 + -4?
-475
In base 5, what is 2 + -214?
-212
In base 7, what is -1545 + -2?
-1550
In base 4, what is 0 - 1003?
-1003
In base 9, what is 3 - -85?
88
In base 5, what is 204 + -111?
43
In base 12, what is -629 + 2?
-627
In base 7, what is -51544 + 3?
-51541
In base 16, what is 12 + -4?
e
In base 7, what is -2201 + -1?
-2202
In base 11, what is 2 - a3?
-a1
In base 6, what is -3 - -325?
322
In base 10, what is -3 + -1697?
-1700
In base 16, what is -3 + 4b?
48
In base 12, what is -8 - 1a?
-26
In base 16, what is 3 - 1434?
-1431
In base 8, what is -3 + -74?
-77
In base 5, what is -10 - 32204?
-32214
In base 13, what is 0 - -b1?
b1
In base 2, what is -101 + 110110111?
110110010
In base 14, what is -2 + 37?
35
In base 9, what is -2181 + 21?
-2160
In base 14, what is -326 - 1?
-327
In base 9, what is 3483 + 0?
3483
In base 13, what is -457 + 9?
-44b
In base 6, what is 534 - -1?
535
In base 12, what is 28 + -462?
-436
In base 16, what is 9a7 - -a?
9b1
In base 9, what is 64 - -147?
222
In base 3, what is -10000 + -121?
-10121
In base 2, what is 1110 + 100111?
110101
In base 3, what is 11 - 20020?
-20002
In base 12, what is -21 + 8?
-15
In base 5, what is 3244 + 1?
3300
In base 9, what is 34 - 15?
18
In base 11, what is -2 + -33a?
-341
In base 13, what is 3 - -59?
5c
In base 2, what is 1101101110011 + 0?
1101101110011
In base 11, what is 5 + -187?
-182
In base 10, what is 5 + -16?
-11
In base 16, what is -cc + -5?
-d1
In base 11, what is -37 + -2?
-39
In base 5, what is -221 - -1040?
314
In base 15, what is e3 + -3?
e0
In base 12, what is 2 + 31?
33
In base 4, what is -2211112 + -2?
-2211120
In base 6, what is 45544 - 2?
45542
In base 14, what is 4c + -1?
4b
In base 16, what is -21 + 3a?
19
In base 6, what is 2 - 453?
-451
In base 13, what is 3 + -89?
-86
In base 11, what is -19 + 0?
-19
In base 6, what is -135 - -5?
-130
In base 6, what is 11144 + 0?
11144
In base 7, what is 6 + -214?
-205
In base 9, what is -3 - -126?
123
In base 11, what is 77 - -1?
78
In base 9, what is -658 + 2?
-656
In base 15, what is -14 - -c?
-7
In base 8, what is 3047 + -2?
3045
In base 8, what is 1 + 236?
237
In base 10, what is -4 - -130?
126
In base 15, what is -3c2 + -3?
-3c5
In base 10, what is -5 - -3681?
3676
In base 9, what is -1 - 7436?
-7437
In base 3, what is -22 + 210112?
210020
In base 12, what is -3 + -3b4?
-3b7
In base 11, what is -4 - -5086?
5082
In base 14, what is 47 - -3?
4a
In base 6, what is 422 - -5?
431
In base 2, what is -101 - 11011?
-100000
In base 3, what is 0 + 110?
110
In base 15, what is 80 + 3?
83
In base 16, what is 6d + f?
7c
In base 11, what is 29 - 9?
20
In base 2, what is -110 - 1100?
-10010
In base 7, what is 54 - -10?
64
In base 9, what is 0 - 213?
-213
In base 2, what is 10011001010 - 1?
10011001001
In base 13, what is -543 + 5?
-53b
In base 13, what is 3 + -62?
-5c
In base 12, what is 2 + 81?
83
In base 8, what is -6 - 32?
-40
In base 8, what is -2 + 104?
102
In base 11, what is -5 + -451?
-456
In base 2, what is 1011 + -100000101?
-11111010
In base 7, what is -61 - 0?
-61
In base 11, what is -372 + 3?
-36a
In base 8, what is 5305 - -3?
5310
In base 6, what is 3115 + 5?
3124
In base 6, what is -1 + -55?
-100
In base 5, what is 12 - -241?
303
In base 4, what is 1130 + 2?
1132
In base 5, what is 144 + 1?
200
In base 4, what is 23231 + 13?
23310
In base 13, what is -2 + 1378?
1376
In base 9, what is 51 + -3?
47
In base 9, what is -1121 - -5?
-1115
In base 14, what is -18d - 1?
-190
In base 6, what is 4 + -2251?
-2243
In base 11, what is 0 + 447?
447
In base 15, what is -1 - 6d4?
-6d5
In base 16, what is 5 - -2a?
2f
In base 12, what is 46 + -3?
43
In base 15, what is 1 - -37?
38
In base 6, what is -5 - 10?
-15
In base 2, what is 11010 - -1010?
100100
In base 16, what is -5 + -ce?
-d3
In base 12, what is 0 + 261?
261
In base 11, what is 17 - 1?
16
In base 8, what is 15 - -716?
733
In base 2, what is -101 - 1011100?
-1100001
In base 16, what is b + e?
19
In base 8, what is 104 + 173?
277
In base 2, what is 111011 + 11110?
1011001
In base 6, what is 1101 - 2?
1055
In base 6, what is -1 + 43245?
43244
In base 2, what is 1001010 - -1?
1001011
In base 8, what is -5 - 154?
-161
In base 9, what is 0 - -21?
21
In base 6, what is 12 + -31?
-15
In base 6, what is 1 - -443?
444
In base 3, what is -110120202 + 12?
-110120120
In base 3, what is -20 + 202?
112
In base 14, what is 2 + 94?
96
In base 12, what is 10 + -b?
1
In base 5, what is 32 - 1?
31
In base 12, what is 4a - 1b?
2b
In base 12, what is -8 + -258?
-264
In base 12, what is -39 + 7?
-32
In base 15, what is -1e + 49?
2a
In base 11, what is 3a + -24?
16
In base 16, what is 3 - -6d?
70
In base 3, what is 2101 + -2?
2022
In base 3, what is -12212102 - -11?
-12212021
In base 9, what is 10 + 5?
15
In base 3, what is -1100 - -1201?
101
In base 5, what is -1 - 3243?
-3244
In base 6, what is 102 + 202?
304
In base 14, what is 8bc + -4?
8b8
In base 7, what is -5 - -4621?
4613
In base 15, what is 0 + -24b?
-24b
In base 7, what is -1 + 102?
101
In base 10, what is 2005 - 0?
2005
In base 6, what is -14 - -224?
210
In base 12, what is -1 - 2?
-3
In base 8, what is 0 + -1102?
-1102
In base 10, what is -9 - 585?
-594
In base 8, what is 4 - 73?
-67
In base 14, what is 2 - 43?
-41
In base 4, what is -20 + 21?
1
In base 6, what is 3320 - -3?
3323
In base 5, what is -20 - -32?
12
In base 7, what is -53 + 1?
-52
In base 4, what is -3 - 10323?
-10332
In base 3, what is -2110 - 12?
-2122
In base 13, what is -9 - -1b?
12
In base 5, what is 3 + 2043?
2101
In base 12, what is 3a + 4?
42
In base 3, what is 12220000 + 11?
12220011
In base 16, what is 1841 + 3?
1844
In base 9, what is -235 - 14?
-250
In base 3, what is 2 + 1?
10
In base 2, what is 1000000 + 101000?
1101000
In base 10, what is 18 - 188?
-170
In base 9, what is -2 - -1406?
1404
In base 2, what is -11010 - -10110?
-100
In base 4, what is 1 + 231?
232
In base 11, what is 0 - -152?
152
In base 14, what is 3 + -6c?
-69
In base 14, what is 4 + 939?
93d
In base 13, what is 12 - -2a?
3c
In base 5, what is 4 + 40044?
40103
In base 8, what is 434 + -12?
422
In base 12, what is -b9 + -3?
-100
In base 2, what is -101001 + 11?
-100110
In base 10, what is -772 - 2?
-774
In base 9, what is -3461 + 5?
-3455
In base 7, what is -12 - -316?
304
In base 6, what is 422 + -5?
413
In base 11, what is -4 + 1739?
1735
In base 9, what is -5 + -2416?
-2422
In base 8, what is -3 + -44?
-47
In base 3, what is 1001121 + 1?
1001122
In base 11, what is 0 - 55?
-55
In base 5, what is -44 + -344?
-443
In base 10, what is -34 - 272?
-306
In base 3, what is 11 - 202011?
-202000
In base 5, what is -4232 - 13?
-4300
In base 12, what is 5 - 120?
-117
In base 12, what is -80 - -11?
-6b
In base 16, what is -96 -